38
What is the value of (5 - 3) + (34 - (-5 + 12 + -23))?
52
What is the value of -3101 - -3103 - ((2 + (-6 - -4) - 122) + 3)?
121
What is the value of 36 + (-44 - (-64 + -4))?
60
What is -1 - -19 - (14512 - 14347)?
-147
What is -15 + 18 + -5 + 32 + -1?
29
What is the value of -80 - (6 - (84 - 54))?
-56
9 + (-2 - -1) - (-277 + 191 - -41)
53
What is the value of (1 + -31 - -64 - -144) + -36?
142
What is the value of 186 - 132 - (-20 + -4 - -6)?
72
2 - (-4 + (37 - 21) + 9)
-19
15 + -20 + 6 + (1 - 2 - -70)
70
116 - (-30 - (87 - 304))
-71
What is the value of (7 - (1 - -2 - (17 + -12))) + -37 + 14?
-14
Evaluate -11 + -45 + 19 + 97.
60
What is the value of (-9 + -4 + 2 - -4) + 302 + -267?
28
What is the value of (54 - 23 - 70) + 116?
77
44 + (16 + -4 + -43 - -15)
28
Evaluate (-11 - -32) + -13 + -51 + 109.
66
Calculate -43 - -57 - (-11 + 23) - (-11 + (2 - 2)).
13
-89 + (32 - (14 + 24)) - 0
-95
What is the value of 15 - 6 - 6 - (1 + 12) - 46?
-56
What is the value of -73 + 1 + -2 + 7 + -19 + (10 - 4)?
-80
What is 1 + (-47 - -15 - -7) + 59?
35
Evaluate -14 + 31 + 1 - (-1 + -9) - 11.
17
(2 - (16 - (1 + -10))) + (-2 - 9) + 7
-27
What is -6 + (-2 - -11) + (-8 - (-3 - 20))?
18
-16 + (-178 - -78) - -49
-67
4 + 2 - (-1 + 4) - (-47 + 59)
-9
Calculate 5 + 3 + -5 + -42 + 52 + -55.
-42
What is (2 - (5 + -100)) + (12 - (35 + -22 + -12))?
108
4 + -7 + -34 + 29 - -9
1
What is the value of -24 + (-42 - (-44 + (33 - 9)))?
-46
Evaluate 50 + -64 + 6 + 5 - (-7 - 2).
6
27 - (-19 - (-32 + -5))
9
What is the value of 7 + (-7 - ((15 - 23) + 13))?
-5
Calculate -24 + 13 + 8 + 100 + -13 + 27.
111
What is -19 + -21 + 42 + -23 + 57?
36
(-90 - (71 - 131)) + -1
-31
Calculate -21 + 10 - ((-2 - 7 - 0) + 14).
-16
0 + -15 - (39 + 1 + -55) - 13
-13
What is -1 + 4 + (51 - 32) + -22?
0
Evaluate (79 + 8 - -109) + -124.
72
What is -1763 + 1773 - (-1 + -5)?
16
5 + (17 - 2 - (14 - (-5 + 16))) + -4
13
What is the value of -8 + 4 - 25 - (-49 - -54)?
-34
Calculate -67 + (-14 + 60 - -97).
76
66 + (25 - 92) - 49
-50
Evaluate (-1 + (30 - 13) - 26) + (7 - -24).
21
Evaluate 19 + (-29 - -52 - 28) - 61.
-47
What is the value of 136 - 142 - (-28 - 33)?
55
930 + -850 - (7 + 5 + -16)
84
(3 - ((6 - -2) + 0)) + (25 + -9 - 92)
-81
What is -69 - -70 - 3 - (-3 - (6 + 107))?
114
-28 - (-17 + (53 - 25))
-39
What is (-3 - 9) + 3 + (807 - 773)?
25
-1 + 16 + 17 + -78 + 81
35
113 + (94 - 104 - 20)
83
Calculate -147 - -136 - (3 + -126 - (4 + 4 - 2)).
118
3 + 71 + -100 + 26 + (-2 - -2 - 10)
-10
Evaluate (55 + -13 - -10) + (-22 - (6 + -44)).
68
What is the value of 2074 + -2088 + 1 + (-1 - -13) + 45?
44
Calculate 4 + -1 - (-81 + 9 + 31 - -96).
-52
What is 30 - ((44 + -59 - (-27 - -2)) + -9)?
29
(73 - (-70 - -132)) + (-3 + 1 - 7)
2
Calculate 1 + (-13 - -4 - -8 - 10) + 36.
26
What is 4537 + -4400 + (-71 - 3)?
63
-2560 + 2563 - (-43 - (-2 - -5))
49
Evaluate 6 + -14 + 11 - -15.
18
(1 - 2) + -680 + 677 - (0 - -13)
-17
(-3 - (-10 + 5)) + 64 - 10 - (14 + -2)
44
What is (-2 - (-56 + 57)) + 8?
5
(33 - -22) + (6 - 6) + -4 + 5 + -11
45
Evaluate -17 + 7 + -14 - 46.
-70
-15 + (-18 - 105) + 20 + (-9 - -28)
-99
What is -9 + 98 + -90 + 23 + (-1 - 0)?
21
What is the value of -2 - -101 - (41 - 34) - (8 + -18 + 22)?
80
What is (7 + 57 - 77) + -5?
-18
What is (24 - (3 + -24 + -21 + 3)) + 1 + -15?
49
Evaluate -29 + 37 + -13 - (9 + -14 - 10).
10
Evaluate 3 + (79 - 7 - (15 - (1 + 8)) - -1).
70
What is the value of 8 + (-50 - -78) - 19?
17
Calculate 1 - -13 - (-5 - -2 - (-964 - -1087)).
140
Evaluate -33 + (38 - 12) + 15 + (1 - 63).
-54
What is the value of 1 - -30 - (6 - (0 - (-2 + 6 + -5)))?
26
What is -55 + 45 + -10 + -6 - -22 - -5?
1
What is the value of 6 - 6 - 4 - (2 + -6) - (54 - 98)?
44
Calculate 7 - 5 - -8 - (-6 + 14 - 2 - 36).
40
65 + -17 + -7 - 17
24
-29 + -47 + 19 + 70
13
Calculate (-24 - (28 - 2 - 97)) + (-2 + -1 - -1).
45
(3 - (-10 - -1)) + (-41 + -3 - -46)
14
Calculate 25 - ((12 + 0 - (-35 - -46 - 14)) + -29).
39
Evaluate 48 + -29 - 48 - -48.
19
What is (-5 - -73) + -1 - (39 - 14 - 28)?
70
What is -19 - (5 - (47 + 4 + 21))?
48
What is 14 + (43 - 4) + (418 - 590)?
-119
What is -9 - (9 + 13 - 29) - 35?
-37
What is (-43 - 1) + (715 - 735) + 19 + 3 + 4?
-38
What is -4 - (20 - (23 + (-61 - (13 - 16))))?
-59
What is 6 + 4 + -5 + -19 - (120 - 133)?
-1
-73 + (-58 - -29 - -10)
-92
Evaluate (-47 - 2) + (-673 - -705).
-17
Calculate (23 - 25) + -12 - (-43 - 7).
36
Calculate -6 - 2 - (31 - (-15 + 26)).
-28
Evaluate (-1 - 21) + 67 + 79 + -132.
-8
Evaluate (-43 - ((-16 - -12) + -76)) + -108.
-71
What is the value of -67 + (39 - 95 - -137)?
14
What is 4 + 3 + (17 + -1 - (124 - 120))?
19
Evaluate 26 + 10 + 64 + 1 + -3 + -5 + 1.
94
What is the value of (18 - 16) + (-4 - 0) + -7 + -2 - -9?
-2
What is the value of -506 + 457 - (-5 + 8)?
-52
What is 1 + -37 + 719 + -690?
-7
Calculate -313 + 317 + (1 - -1) + (21 - 21).
6
(-212 - -193 - ((5 - -2) + 2)) + 7
-21
What is 70 + -71 + 7 + -72?
-66
Evaluate 116 + -6 + -21 + -87 + 120.
122
(195 - (18 + 67)) + -48
62
Calculate 75 - 202 - -67 - -3.
-57
-83 + -46 + 123 + 152
146
-10 - (-10 + (0 - -1)) - (-11 - -15)
-5
11 - 132 - 9 - (2 + -1 + -13) - -10
-108
What is 1 - -66 - (14859 - 14772)?
-20
Evaluate -289 - -341 - (-7 - (11 + -12 - (-2 - 2))).
62
What is the value of -74 + -1 - ((38 - 213) + 177)?
-77
What is -3 + (10 + -14 - -17) - (8 - (-2 - -4))?
4
What is -1 + (2 - 11) + 18 - ((149 - 22) + -10)?
-109
What is the value of -9 + 56 + (-1 - 5)?
41
Evaluate (18 - (6 - (-30 - -14))) + (-42 - -1).
-45
What is the value of -1 + (111 - (149 - 4))?
-35
What is (-1 - (-9 - (-5 + -1))) + (32 - 13) + 27?
48
(415 - 490) + (-23 - -142)
44
Calculate -38 + 41 + (-3 - -1) - (46 - 78).
33
Calculate -62 + (5 + -1 - (45 + -48 - -16)).
-71
What is -26 - (-69 - -10) - (25 + -57)?
65
What is -21 + (-70 + 66 - (0 + -24))?
-1
What is -33 + (-2 - 46) - (-3 - 7)?
-71
What is the value of 704 + -737 + (1 - 18)?
-50
Evaluate 4 + -3 - 5 - (23 + -18 + -6).
-3
Evaluate 14 - (-60 + -16 + 7 + -10 + 2 + 9).
82
What is (29 + -13 - 32) + 17 + -17 + 20?
4
What is the value of (-3 - (7 - 6)) + (-3 - -26) - -17?
36
Evaluate (8 - (17 - (10 + 104 + -9))) + 16.
112
What is the value of (3 + 10 - (5 + 44 - -15)) + 9?
-42
36 + (-47 - (-36 - -31 - -40))
-46
What is the value of (56 - 30) + -14 + -112 + -8?
-108
-24 + 2 + 326 + -275 + (3 - 27)
5
(3 + 21 + -3 - -1) + 12
34
Evaluate (44 - 1) + (-1441 - -1406).
8
(-67 + 85 - 9) + (61 - -4)
74
Calculate 84 - 3 - ((16 - -33) + -54) - (-1 + -1).
88
What is -30 + 33 + (13 - -5)?
21
What is the value of (-20 - 1) + (-40 - (-27 + -19)) + -48?
-63
Evaluate 80 - -1 - (-4 + -16 + 14 + -2).
89
4 + -2 - ((6 - (3 - (19 + -14))) + 40)
-46
Calculate (760 - 813) + (62 - -2).
11
What is the value of 54 + 130 + -159 + -120?
-95
What is the value of 1 + -68 + (-10 + (-31 - -26) - -17)?
-65
Calculate (-28 - (-75 + 69 - (7 - -1))) + 56.
42
Evaluate 7 + -7 + (19 - (-10 - -23 - -8)).
-2
Evaluate 41 - (175 + -212 + (33 - -3)).
42
What is the value of 9 + (-46 - ((6 - (-4 + 13)) + 19))?
-53
-14 - (7 - (-5 - (2 + -11 - 47)))
30
What is -29 - (82 + -29 + 20 + -17)?
-85
Calculate (-37 - -50) + -19 - (2 + (3 - -66)).
-77
What is the value of -1 + 18 - 10 - -13 - -70?
90
Evaluate 2 - ((2 - 3) + -4) - (56 - -3).
-52
Evaluate -4 - (100 + -49 - 71).
16
What is the value of 0 + -31 - 0 - (13 + (10 - 25))?
-29
Calculate 0 + 11 - ((3 - 17) + -6 + 93).
-62
What is -495 + 517 - (-1 + 2 - (-1 + -3))?
17
Calculate -13 + (7 + (7 - (17 + -4)) - -6) - -72.
66
What is (-47 - -2) + -155 + 34 + 127?
-39
What is the value of (-1 + -1 - 9) + 14 - 14 - 0?
-11
Calculate -12 + ((-4 - -19) + (16 - 33) - -39).
25
What is (79 - 88) + -40 + -9?
-58
What is the value of -40 + 78 + (-3 - (-6 - 46))?
87
-98 + 25 + 49 + 17
-7
What is 5 - (89 - ((6 - (-11 - 0) - 13) + -11))?
-91
Calculate 5 - 4 - (-240 - -126 - -88).
27
Calculate (-17 - 2) + (-26 - (14 + -49)) + 80 + -1.
69
Evaluate 2909 - 3044 - (-254 + -3).
122
Calculate 144 + (-27 - (-36 - -26) - 24).
103
What is 7 + (-4 - -2) + (-8 - (-3 - -4)) - 54?
-58
Evaluate -2 + 1 - (-7 + (-4 - 1)) - -2.
13
Calculate 21 - ((-2 - 15) + (-35 - -49) - (-1 + -8)).
15
88 - 117 - 0 - -21
-8
What is the value of 39 + (-24 - (14 - 24)) + -2 + -153?
-130
What is -26 + -1 + -2700 + 2741?
14
Calculate -1 - ((7 - (-34 + 22